 the prime factors of (10/8)/(1/m).
5
Let w(m) = -77*m - 10 - 87*m + 164*m + 3*m**2. Let d be (-26)/6 + (-4)/6. List the prime factors of w(d).
5, 13
Suppose 2*n + 4*q + 18 = 0, -3*q + 2*q = 5*n + 9. Suppose 3 = -0*f + f. What are the prime factors of f*(n - (1 - 4))?
2, 3
Let g(r) be the first derivative of -r**5/120 + 2*r**4 - r**3 + 2. Let o(f) be the third derivative of g(f). List the prime factors of o(0).
2, 3
Let l(c) = -c**3 + 4*c**2 + 5. Let m be l(6). Let d(a) = a**3 - a**2 + 16*a - 16. Let h be d(1). List the prime factors of (-3 - h) + (-12 - m).
2, 13
Let a(y) = -y**3 + 36*y**2 + 58*y - 3. What are the prime factors of a(37)?
2, 3, 43
Let r(w) = -w**3 + 26*w**2 - 43*w + 9. List the prime factors of r(16).
3, 11, 19
Let s = -92 + 255. Suppose -s = -5*r - u - 44, -5*r = -3*u - 123. List the prime factors of r.
2, 3
Suppose -13 = 4*k - 5*p, 3*k + 5*p - 16 = 18. Suppose 4*c - 3*o - 43 = 0, -k*c - o + 36 = -2*o. List the prime factors of c.
13
Suppose -8*i + 11 = -5. Suppose 4*n = 16, -g - 46 = -i*g + n. List the prime factors of g.
2, 5
Suppose -5*h + 4*i = -1505, 302 = 2*h + 5*i - 333. Let v = h + -147. List the prime factors of v.
2, 79
Let w = -11 + 13. Let p(j) = j**3 - 3*j**2 + 3*j. Let r be p(w). What are the prime factors of 29 - (r + -1 + 1)?
3
Suppose -3*m - 2*n = -115, 4*m = -0*n + 2*n + 158. List the prime factors of m.
3, 13
Suppose -768 = -2*y - 10*y. List the prime factors of y.
2
Let g = 51 - 27. Suppose 0 = -2*x + 4*a + 22, 0 = 3*x - 0*a - 3*a - g. Suppose 0 = 4*i + x - 77. What are the prime factors of i?
2, 3
Let i = 477 - 111. What are the prime factors of i?
2, 3, 61
Suppose 4*v - 2*s - 32 = 0, -5*s = 2*v + 4 + 4. Let y(h) = -2*h. Let g be y(1). What are the prime factors of (v - 0)/(g/(-3))?
3
Suppose 3*y = 5*y - 630. What are the prime factors of y?
3, 5, 7
Let c = 48 - 30. Suppose -2*i = -8, c = 2*l - 7*i + 2*i. Let k = l - 4. List the prime factors of k.
3, 5
Suppose -3*d = -d - 4*u - 1282, -4*d + u = -2557. What are the prime factors of d?
3, 71
List the prime factors of (15 + (-527)/34)/((-1)/10358).
5179
Suppose 5*l - 2833 = 3*j, -11*j = -9*j - 8. What are the prime factors of l?
569
Suppose -4 = -2*g - 3*v, -2*v - 12 = -g + 6*g. Let d(i) be the second derivative of i**4/6 + 7*i**3/6 + 3*i**2 + i. List the prime factors of d(g).
2, 5
Let l(r) = 2*r - 10. Let f be l(5). Suppose u + 3*u - 12 = f. Let h = u - -9. What are the prime factors of h?
2, 3
Suppose 0 = -3*t - o + 872, 581 = 2*t - o + 2*o. What are the prime factors of t?
3, 97
What are the prime factors of 9*85 + (3 - 4)?
2, 191
What are the prime factors of (-13 + 6 - -470)*1?
463
Suppose 0 = 4*g + z - 2815, -3*g + 3*z - 2813 = -7*g. What are the prime factors of g?
2, 11
Let p(q) = q**3 - 13*q**2 + 21*q + 14. Let o(w) = 6*w - 24. Let l be o(6). List the prime factors of p(l).
2, 61
Suppose -4*p + 15 = s - 5784, -2889 = -2*p + 3*s. List the prime factors of p.
3, 7, 23
Suppose 4*m - 276 = -12. List the prime factors of (-4)/6 - (-902)/m.
13
Let c = 376 - 237. Suppose -2 = -m, 0 = 13*n - 10*n - m - c. What are the prime factors of n?
47
Suppose 0 = 2*w + 4*a - 130, -5*a + 32 = w - 42. Suppose 3*r - 7 - 2 = 0. Suppose -5 = r*g - w. What are the prime factors of g?
2, 3
Let o = -2920 - -6666. List the prime factors of o.
2, 1873
Suppose -v + 0 - 5 = -2*x, -4*x = 2*v - 14. Suppose -4*y = 2*m - 100, -2*m + 2 = -x*m. Let h = y + -16. What are the prime factors of h?
2, 5
Let j(p) = p**2 + p - 2. Let n be j(-3). Suppose y - 5 = 2*f, 20 + 0 = n*y + 3*f. Suppose -y*d + 192 = -8. What are the prime factors of d?
2, 5
Suppose 0 = 3*p - 4*a - 10, -2*p = 4*a - 0*a. Suppose p*v - 4*v - 4*j = -264, -3*v = -3*j - 414. Suppose v = h + 3*h. What are the prime factors of h?
2, 17
Let a(b) = 2*b**3 - 25*b**2 + 12*b - 12. Let s be a(12). Let p(j) = -j**3 - 10*j**2 + 13*j - 20. What are the prime factors of p(s)?
2, 7
Suppose -m - 14 - 41 = 0. Let h be (m - 0)*(-6)/10. Suppose y - h + 3 = 0. List the prime factors of y.
2, 3, 5
Let w(q) = q**2 - 8*q + 12. Suppose 0 = -0*a - 5*a - j + 49, -4*a = -5*j - 45. What are the prime factors of w(a)?
2
Suppose -16*d - 54 = -19*d. Let s(n) = 8*n + 19. List the prime factors of s(d).
163
Suppose c - z = 941, -z - 10 = -5. List the prime factors of c.
2, 3, 13
Suppose a = -4*w - 0 + 8, -2*a = -2*w - 36. Let n = a + -4. Suppose -21*o = -22*o + n. List the prime factors of o.
2, 3
List the prime factors of 30/9*(-585)/(-3).
2, 5, 13
Suppose 2*k + 3*j = 0, 2 = 2*k + 4*j + 6. Suppose 4*t - 500 = -k*t. What are the prime factors of t?
2, 5
Let q = -687 - -1129. Let r = q - 297. List the prime factors of r.
5, 29
List the prime factors of (1 - 1484 - 3)/((-2)/7).
7, 743
Suppose -165 + 30 = -3*b. What are the prime factors of (-928)/(-15) - (-6)/b?
2, 31
Suppose 6*q - 4*q - 6 = 0. Suppose -2*n = 2*n + m - 280, -q*n + m = -210. What are the prime factors of n?
2, 5, 7
Let h = -5 - -6. Suppose -5*u - 4*y + 54 = 0, 0 = -u + 2*y + 2*y + 30. Suppose 2*b = -q + 21, h - u = -b - 3*q. List the prime factors of b.
2, 5
Let j = -19 - -21. What are the prime factors of (-4 - -2)/(-1*j) + 89?
2, 3, 5
Let p be 52 - ((-3 - -7) + -1). Suppose 5*x + 9 = p. List the prime factors of x.
2
What are the prime factors of -2*(-7 - 31863/26)?
5, 17, 29
Suppose 3*v = -62 + 350. Let q = v - 0. What are the prime factors of q?
2, 3
Let c be 1854/30 - (-1)/5. Suppose -z + 4*m = -139, z + 4*m = c + 53. List the prime factors of z.
127
Let r(b) = -b**3 + 5*b**2 - 5*b + 4. Let d be r(4). Suppose d*l - 4*l = -3*j + 303, -202 = -2*j + 5*l. List the prime factors of j.
101
Let y be (-3)/(-6)*24/3. Suppose -7*c = -y*c - 9. Suppose -c*d + 7*d = 76. List the prime factors of d.
19
Let n = 254 - 172. List the prime factors of n.
2, 41
List the prime factors of 1653 + (2 - (4 - 1)).
2, 7, 59
Let a(h) = -10*h + 20*h**2 - 16*h**2 - 4 - 2*h**2 + 1. Let b(v) = -6*v**3 + v**2 + v + 1. Let n be b(-1). What are the prime factors of a(n)?
5
Let f(w) = 27 - w**3 - 3*w**2 - 30*w - 19*w**2 + 6*w. What are the prime factors of f(-21)?
2, 3, 5
Let z = -33 - -54. Let g = z + -21. Suppose 5*k = 4*w + 101 + 77, g = -2*k + 3*w + 74. What are the prime factors of k?
2, 17
Let d = -77 + 133. Let n = -22 + d. What are the prime factors of n?
2, 17
Suppose -96481 = -24*i + 1271. What are the prime factors of i?
4073
Let d(z) = -z**3 + 14*z**2 - 24*z + 2. Let j be d(12). Suppose j*q = -15 + 221. What are the prime factors of q?
103
Let z = -506 - -1150. What are the prime factors of z?
2, 7, 23
Let q(j) = -449*j**3 + 3*j**2 + 3*j + 1. List the prime factors of q(-1).
2, 3, 5
Suppose -63 = 5*s - 4*u, 4*u - 6*u = 6. Let d = -34 - s. Let b = d - -42. What are the prime factors of b?
23
Let h be -4 - 216*(-1 + 2). Let s = h + 385. List the prime factors of s.
3, 5, 11
Suppose -16*g + 17730 = -3022. List the prime factors of g.
1297
Let b(z) = 5*z + 14. Let s be (-27)/(4/(0 + 4)). Let t = 33 + s. List the prime factors of b(t).
2, 11
Suppose -5*h = -10, o + 58 = -o - h. Let y = o - -35. Suppose -y*z = -18 - 2. List the prime factors of z.
2
Let p be (146/(-5))/(-2 + 32/20). Let g be (2 - 0 - -24)*-2. Let i = g + p. What are the prime factors of i?
3, 7
Let z be (42/(-14))/((-11)/(-7) - 2). Suppose -z*v + 1561 = -371. List the prime factors of v.
2, 3, 23
Suppose 6 = 2*q - 4*g + 2, -5*q + 10 = -2*g. Suppose -107 = -q*k + 147. List the prime factors of k.
127
Let q(n) be the third derivative of n**6/120 - 2*n**5/15 - n**4/12 - 11*n**3/6 - 5*n**2. Let a be q(8). List the prime factors of 6/a - (-166)/18.
3
Let v be (-11)/(-33) - 1100/6. Let n = -60 - v. What are the prime factors of n?
3, 41
Let c = -141 - -326. Let x = c - 131. List the prime factors of x.
2, 3
Suppose 3*y = -13*y + 6400. What are the prime factors of y?
2, 5
Let l(w) = -8*w**2 + 4*w - 1. Let t be l(2). Let x = 60 + t. What are the prime factors of x?
5, 7
Let g(y) = 9*y**2 + 3*y - 12. Suppose 2*w + 2*w - 12 = 0. List the prime factors of g(w).
2, 3, 13
Let a be (2/(-3))/(5/(-30)). Let w be 0*(-2 + 3)/(-2). Suppose c + 2*z + w*z = 5, -c = 5*z + a. List the prime factors of c.
11
What are the prime factors of ((-5614)/21)/(12/(-18))?
401
Let q(i) = 0 + 12 + i + 5 - i**2 - i**3. Let w = 158 + -158. What are the prime factors of q(w)?
17
